r(y) is divided by 15?
12
Let q(u) = -220*u - 54. What is the remainder when q(-4) is divided by 138?
136
Suppose 0 = u + 4*c - 254, 5*u + 4*c - 1346 + 124 = 0. Calculate the remainder when u is divided by 49.
46
Let x be ((-324)/(-20))/(4/(-20)). Let s = 85 - 223. Let d = x - s. Calculate the remainder when d is divided by 30.
27
Suppose w + 38 = 3*w. Let z = 1490 - 1453. Calculate the remainder when z is divided by w.
18
Let l be 0/(2 + 0 - 3). Suppose l = -6*z - 2 + 20. What is the remainder when z is divided by 3?
0
Suppose -4*i + 101 + 83 = 0. Suppose 2*d + j - 14 = -j, -13 = -4*d - j. Suppose f + 4 = 6, -3*n + 40 = d*f. Calculate the remainder when i is divided by n.
10
Suppose -10*b = -2*b - 832. Let h = 201 - b. Calculate the remainder when h is divided by 25.
22
Let c = -62 + 234. Suppose b = -3*b + c. Calculate the remainder when b is divided by 10.
3
Let j = 90 + -76. Let d = j + -5. Calculate the remainder when 17 is divided by d.
8
Let z(x) = 2*x**3 + 2*x**2 + 4*x + 1. What is the remainder when z(2) is divided by 10?
3
Let s(d) = -3*d + 43. Let z be s(13). Suppose 2*y - y - 3*i - 12 = 0, 0 = z*y - 5*i - 62. Calculate the remainder when y is divided by 12.
6
Let r(h) be the first derivative of h**3/3 + h**2 + 2*h - 4. Let z be r(-2). Suppose -26 = -0*g - z*g. Calculate the remainder when g is divided by 5.
3
Let w(t) = -11*t - 190. What is the remainder when w(-39) is divided by 82?
75
Let z = 10 - -19. Let b(t) = 25*t + 2. Let y be b(2). Let w = y + -37. Calculate the remainder when z is divided by w.
14
Let c(z) = 64*z + 107. Calculate the remainder when c(9) is divided by 9.
8
Let g(d) = -12 - d**2 - 13 + 18*d + 1. Suppose -5*i = 4*z - 17, 2*i - 3 + 9 = 0. Calculate the remainder when g(15) is divided by z.
5
Let l(t) = t**3 - 4*t + 3. Let a be l(2). Let s(n) = n**3 - n**2 + 2*n + 1. What is the remainder when s(a) is divided by (-15)/60*20 - -18?
12
Let t = -2876 - -2908. What is the remainder when 703 is divided by t?
31
What is the remainder when 1115 is divided by 12/(-48) - 173/(-4)?
40
Let p(c) = -34*c + 31. What is the remainder when p(-4) is divided by 30?
17
Let c be 532/70 - (-6)/(-10). Suppose -2*u = c - 21. Let j = -37 - -62. What is the remainder when j is divided by u?
4
Suppose -594 = -1945*b + 1939*b. Calculate the remainder when b is divided by 22.
11
Let b = 846 + -837. Calculate the remainder when 19 is divided by b.
1
Suppose -45 = -4*f + 3*f. Suppose 0*y - 207 = -3*y. What is the remainder when f is divided by (14/6 + -2)*y?
22
Let g be ((-6)/(-12))/((-1)/18). Let l(k) = -3*k - 1. Let w be l(4). Let y = g - w. What is the remainder when 11 is divided by y?
3
Suppose q - 90 = 2*r + r, 0 = q + 5*r - 130. Suppose 0*w = -7*w + q. Calculate the remainder when 87 is divided by w.
12
Let k = -36 - -74. Suppose -12 = 4*f, -g - 4*f = -0*f - 1. Calculate the remainder when k is divided by g.
12
Suppose -3*g = -o - 9, -3*o = -3*g + 19 - 4. Let z = g - -12. Suppose -3*k + 2*j + 41 = 0, -k = -0*k - j - z. Calculate the remainder when 50 is divided by k.
11
What is the remainder when 5/((-5082)/636 + 8) is divided by 38?
36
Let h(d) = -d**2 + 74*d - 200. Calculate the remainder when h(71) is divided by 2/(-5) - 27/(-5).
3
Let t = 40 - 58. Calculate the remainder when 61 is divided by 32/(-144) + (-292)/t.
13
Let g(v) = -2*v**3 + 21*v**2 + v - 3. Suppose 2*r - 33 + 1 = 0. What is the remainder when g(10) is divided by 36*1/(r/12)?
26
Let l(r) = 22*r + 370. Calculate the remainder when l(-9) is divided by 7.
4
Let s = -62 + 117. Calculate the remainder when s is divided by 19.
17
Let m(h) = 3*h**2 + 37*h - 48. Calculate the remainder when m(-14) is divided by 18.
4
Suppose 117*k + 106 = 119*k. What is the remainder when 125 is divided by k?
19
Suppose 120 = 5*c - 3*x + 40, -77 = -4*c + 5*x. What is the remainder when 128 is divided by c?
11
Suppose 8*t - 1853 - 1155 = 0. What is the remainder when t is divided by 13?
12
Let p = -681 - -1071. Suppose 0 = -4*q - 2*s + p, -2*q + 5*s + 58 + 131 = 0. What is the remainder when q is divided by 9?
7
Let i(y) = -y**2 - y + 10. Suppose 4 = 2*f - 0*f. Suppose d = f*d. What is the remainder when 27 is divided by i(d)?
7
Suppose 3*i = 5*y + 29, -2*y + 15 = 2*i - y. Calculate the remainder when (33/(-66))/(3/(-186)) is divided by i.
7
Let i(s) = -s**3 + 58*s**2 - 263*s - 85. Calculate the remainder when 90 is divided by i(53).
6
Let w = -423 + 432. What is the remainder when 25 is divided by w?
7
Suppose -32 = -3*q - 2*k, q - 5*k + 10 + 2 = 0. Let f = 16 - q. What is the remainder when 36 is divided by f?
4
Let o = -53 - -95. Suppose 36*v = 43*v - 63. What is the remainder when o is divided by v?
6
Suppose -2*z = -5*m + 180, 2*m - 3*z = -7*z + 96. Suppose -33 - 15 = 4*c. Let r(j) = -11*j - 19. Calculate the remainder when r(c) is divided by m.
37
Let c be (-33)/5 + 10/(-25). Let z(l) = -l**3 - 5*l**2 + 11*l + 6. What is the remainder when 80 is divided by z(c)?
26
Let l be 1/((-15)/6 + 3). Suppose -3*t + 6*t = -2*n - 55, -n = l*t + 37. Let k = -9 - t. Calculate the remainder when k is divided by 3.
1
Calculate the remainder when 479 is divided by (9 + (-168)/40)*20.
95
Let n(l) = 3*l**2 + 11. Calculate the remainder when n(-6) is divided by 40.
39
Let p(q) = 2*q**2 + 79*q - 31. Calculate the remainder when 22 is divided by p(-40).
4
Let d be (4/8)/(2/(-116)). Calculate the remainder when -4 - -3 - (d + 1) is divided by 10.
7
Suppose 651*z - 647*z = 24. Calculate the remainder when 26 is divided by z.
2
Suppose 4*o - 261 = -v, -2*o = 2*o - 5*v - 255. Suppose 5*u = -40 + 125. Calculate the remainder when o is divided by u.
14
Suppose 4*r - 255 = -96*s + 89*s, -2*s + 78 = -4*r. What is the remainder when 738 is divided by s?
35
Suppose -v - 91 = -2*h, 5*h - 2*v - 137 = 2*h. What is the remainder when h is divided by 23?
22
Suppose 0 = -4*k + 2*k. Suppose 0 = -r - 1, k = 3*q - 3*r - 0*r + 12. Let t = q + 20. What is the remainder when 27 is divided by t?
12
Let d = 21 + -13. Suppose 0*c = -2*u - 4*c - d, 3*c + 12 = 0. Suppose h = t - 1 - u, 0 = 4*t + 2*h - 50. Calculate the remainder when t is divided by 4.
2
Let j(q) = q**2 - 3*q. Let d(s) = -s**3 - 51*s**2 - 98*s + 5. Calculate the remainder when j(-3) is divided by d(-49).
3
Suppose 5*r + n - 463 = 0, -194 = -0*r - 2*r + 4*n. Let y = r + -53. What is the remainder when y is divided by 21?
19
Suppose o - 5 = -b, -2*b - b + 2*o + 5 = 0. Suppose 0 = 4*z - b*s - 38, -5*s = z - 0*s - 21. What is the remainder when -7*(-3 + 0) - (3 + -2) is divided by z?
9
Let l = -415 - -421. What is the remainder when 10 is divided by l?
4
Let s be (-12)/(-8) - 75/10. Let x = s - -30. Suppose 0 = -5*p - 3*w + 38 + 422, -295 = -3*p + 2*w. Calculate the remainder when p is divided by x.
23
Let p(n) = -16*n + 941. Calculate the remainder when 218 is divided by p(56).
38
Suppose -3*n + 35 = 2*d - 4*d, -3*d = -2*n + 65. Suppose 9*z = -5*l + 4*z - 70, 0 = -3*z + 3. Let v = l - d. What is the remainder when 38 is divided by v?
8
Let f(m) = -m + 39. Calculate the remainder when f(-14) is divided by 21.
11
Let d = 85 + -77. Suppose -l = -6 - 8. Calculate the remainder when l is divided by d.
6
Let g(t) = -5*t**2 - 11 + 7*t**2 - t**2 - 3*t. Calculate the remainder when g(8) is divided by 6.
5
Suppose 4*h - 30 = 10. What is the remainder when h is divided by 9?
1
Let t(u) = -4*u + 4. Let v be t(0). Suppose p - 5*p = 20. Calculate the remainder when p/(-20) - (-311)/v is divided by 27.
24
Let b = 6 + -1. Let i = b + -7. What is the remainder when 22 is divided by (-3 - -8 - i) + 1?
6
Suppose -5*a + 9 = 4*i - 8, -2*a = -4*i - 18. Suppose 0*n = a*n - 230. What is the remainder when n is divided by 10?
6
Let b be (-11)/((8/(-16))/((-1)/(-2))). Suppose 5*d - b*d + 540 = 0. What is the remainder when d is divided by 23?
21
Suppose 0 = -z + 225 - 211. Calculate the remainder when z is divided by 5.
4
Let d(q) = -10*q**3 + 1. Let v be 12/4 + 4/4. Let j be (v/(-6))/((-10)/(-15)). Calculate the remainder when 17 is divided by d(j).
6
Suppose -o = 4*z - 26, z + 5*o = 3*z - 24. Suppose z*l + 28 - 483 = 0. What is the remainder when l is divided by 23?
19
Let a be -1 + (-7)/3*-3. Suppose -a*x + 5*x = 0. Suppose -5*t = -5*v + 25, 4*v + 6*t - 2*t - 20 = x. Calculate the remaind